 is the units digit of y?
3
Suppose -5*s = -5*i - 170, -5*s + 76 = -i - 86. What is the units digit of s?
2
Let m = 103 - -56. What is the tens digit of m?
5
Suppose 8*v - 3*v + 10 = 0. Let z = 0 - v. Let p = 4 - z. What is the units digit of p?
2
Suppose 2*n - 86 = -2*i, 0 = n - 5*n + 2*i + 142. What is the tens digit of n?
3
Suppose 0 = -t - 5*v - 2, t - 4*v = 3*t - 2. Suppose w = t*u - 69, 0*u - 2*u + 3*w + 53 = 0. What is the units digit of u?
2
Suppose 2*q - 5*t = 97, -196 = -4*q + 3*t + 19. What is the units digit of q?
6
Suppose -2*g + 58 + 36 = 0. What is the units digit of g?
7
Suppose -c + 2*c = 0. Suppose 5*y = -5*m - c*m + 130, -4*m = 5*y - 129. What is the units digit of y?
5
What is the hundreds digit of (62/(-6))/(2 + (-129)/63)?
2
Suppose 2*r - 14 = -0*r. Let d(w) = -7*w**2 + 9 - 4*w - 1 + 3*w + w**3. What is the units digit of d(r)?
1
Let a(w) = w**3 + 2*w**2 - 9*w - 5. What is the units digit of a(-3)?
3
Suppose -4*n = 4*j + 36, -n - 4*j - 14 - 10 = 0. Let v be ((-2)/n)/(1/4). Suppose -1 = -v*q + w, -4*w = -13 - 7. What is the units digit of q?
3
Suppose 2*h = -0*h. Let a = 4 + h. Suppose -6*n + 32 = -a*n. What is the units digit of n?
6
Let x(q) be the first derivative of q**4/4 + 8*q**3/3 - 5*q**2 - 8*q + 2. What is the units digit of x(-9)?
1
Suppose 5*k - k = -5*y + 5, -2*y + k = 11. Let w be 1/(-3) + (-16)/y. Suppose s - w = 3. What is the units digit of s?
8
Let p = -31 - -75. Let a = p + -24. Suppose 4*f - a + 4 = 0. What is the units digit of f?
4
Suppose -3 = f - 8. Suppose -2*a + 212 = 7*q - 2*q, -f*a + 215 = 5*q. What is the tens digit of q?
4
Let x(m) = 6*m**3 - 2*m + 1. What is the units digit of x(2)?
5
Suppose 3*c - 2*c + 271 = 3*a, 4*a + 2*c = 368. What is the units digit of a?
1
Suppose 3*b - 50 = 16. What is the units digit of b?
2
Suppose -4*k + 23 = -5*b, 0*k = 2*k + 2*b - 16. Suppose k*v - 5*v - 26 = 0. What is the tens digit of v?
1
Suppose -2*i = 3*i - 25. Suppose -5*s - 4*t = -t - 23, -t = i*s - 31. What is the units digit of (1 - (-2)/(-14))*s?
6
Let g(c) = c**3 - 7*c**2 + 7*c + 2. Let j be g(7). Let k be j/3 - (0 - 1). What is the units digit of (-4)/18 - (-76)/k?
4
Let t be ((-4)/5)/(4/(-20)). Suppose t*l - 11 - 9 = 0. What is the units digit of l?
5
Let i = 28 - 5. What is the tens digit of i?
2
Let j(i) = 3 + 72*i**2 + i - 70*i**2 + 2*i. What is the units digit of j(3)?
0
What is the units digit of -20*(24/20)/(-3)?
8
Let d be (-87)/9 + 4/6. Let x = d + 17. What is the units digit of x?
8
Suppose -5*a - v - v + 402 = 0, -5*a + 5*v = -395. What is the units digit of a?
0
Suppose -5*l = -55 + 20. Suppose 0 = -2*x + 21 - l. Suppose 0 = 4*o - x - 13. What is the units digit of o?
5
Let w(g) = -g. Let u be w(6). Let j(y) = y**3 + 8*y**2 + 6*y + 4. What is the tens digit of j(u)?
4
Let u(o) = o**2 - 6*o - 18. What is the tens digit of u(-7)?
7
What is the hundreds digit of 1*(0 + 293) + -5?
2
Let s be (4 - 0 - 3)*-7. Let u = s - -10. What is the units digit of u?
3
Suppose -5*s = -s - 32. Suppose 2*a + s = 4*a. Let q = 1 + a. What is the units digit of q?
5
Let g = -31 - -37. What is the units digit of g?
6
Suppose -19 = f + 4*y + 1, -5*f - 4 = -4*y. What is the units digit of 17 - f/(-2)*-1?
9
Let k(r) = -15*r - 1. What is the units digit of k(-1)?
4
What is the tens digit of 162/3*(-8)/(-12)?
3
Suppose -2*r + 5*r + 13 = 4*b, 15 = 3*b + 3*r. Suppose -b = -f + 7. Suppose 12*s = 11*s + f. What is the tens digit of s?
1
What is the tens digit of 426/36 + (-1)/(-6)?
1
Let t be (8/(-6))/((-6)/9). Suppose 0 = 2*x + 2*y - 8, -x - 4*y + 4 = -2*y. Suppose 63 - t = x*p - 5*u, 4*u - 66 = -5*p. What is the tens digit of p?
1
Let u = -201 - -295. What is the units digit of u?
4
Let a = -21 + 30. What is the units digit of (-2)/a + 148/18?
8
Suppose 5*n - n - 16 = k, 5*n - 21 = k. Suppose k*s - 85 - 3 = 0. What is the units digit of s?
2
Let k = -6 - -6. What is the units digit of 2 - 3*(-2 + k)?
8
What is the units digit of (464/20)/(48/20 - 2)?
8
Let v = -3 + 8. Let c = v - 0. Suppose -c*f + 0*f - 9 = -2*s, 0 = 5*f - 5. What is the units digit of s?
7
Let m = 304 - 113. What is the tens digit of m?
9
Let m(i) = -i**2 + 7*i + 5. Let a be m(7). Suppose 2*h - 4 = -u + 19, 5*h + 2*u = 56. Suppose h = a*j - 0. What is the units digit of j?
2
Suppose -2 = -3*y + 10. What is the units digit of 1*(y + 1)*2?
0
Let z(x) = -x**3 + 6*x**2 + 7. Let y be z(6). Let h(a) = 5*a - 7. What is the units digit of h(y)?
8
Let n = 3 + 7. Let w = n - 4. Suppose -40 = -w*u + u. What is the units digit of u?
8
Suppose 0*w = 3*w. Suppose w = -x - 2*x + 12. Suppose 0 = -q + 3*i + 19, 0 = -2*q + i + x + 9. What is the units digit of q?
4
Let a = -61 - -90. What is the units digit of a?
9
Let l(n) = 3*n**3 + 37. What is the units digit of l(0)?
7
Let k be 5/2 - 8/(-16). Suppose -4*s + 15 = -k*n, 3*n + 0 + 6 = s. What is the units digit of s?
3
Suppose -4*g = -3*g + 2. What is the tens digit of (-6)/(-9)*(-33)/g?
1
Let p(x) = x**2 + 7*x + 3. Let y = 7 - 16. What is the tens digit of p(y)?
2
Let g(t) = -t + 3 + 2*t - t**3 + 7*t**2 + 2. Let n(z) = -z**3 + 3*z**2 + 3*z - 2. Let j be n(3). What is the tens digit of g(j)?
1
Suppose -j - 2 = 0, -2*n - 5*j + j = 0. Suppose 0 = 3*r - 4*l - 16, 19 + 1 = -n*r - 5*l. Suppose -v + 3 + 0 = r. What is the units digit of v?
3
What is the units digit of 2*4/(-24)*-69?
3
Suppose 0 = -4*c + 42 + 606. What is the units digit of c?
2
What is the units digit of 30 + ((-1)/2)/((-4)/8)?
1
Let y = -2 + 6. Suppose 2*k = 4 + y. Suppose -3*s + 2*v - 4*v + 34 = 0, k*s - 3*v = 17. What is the units digit of s?
8
Let h be (-2)/((-2)/(-3)) + 0. Let c(f) = -2*f**2 - 4*f + 1. Let r be c(h). Let x = 8 + r. What is the units digit of x?
3
Let a(x) = 3*x**2 + 12*x + 21. What is the tens digit of a(-8)?
1
Let t(y) = -y**3 + 2*y**2 + 3*y - 3. Suppose 4*z - 3*k + 4 = 0, 2*z + k - 2 - 6 = 0. Let b be t(z). What is the units digit of b + -1 + 5 + 2?
9
Suppose 0 = -4*b - 35 + 11. Let n(s) = s**2 + 6*s + 3. Let i be n(b). Suppose 2*p + 3*r - 7 = -2*r, 0 = -i*p - 3*r + 15. What is the units digit of p?
6
Let n = 6 + -4. Suppose n*h = h + 2. What is the units digit of h/4*14 + -1?
6
Let w(j) = -20*j**3 + 4*j**2 - 2*j - 3. Let k(m) = -39*m**3 + 7*m**2 - 4*m - 5. Let c(s) = -4*k(s) + 7*w(s). What is the tens digit of c(1)?
1
Suppose 2*t = -2*t + 124. What is the units digit of t + 2 + -3 + 1?
1
Let z be (-1*4)/(3/6). Let r(o) be the second derivative of -o**3/6 - o**2 + o. What is the units digit of r(z)?
6
Suppose 3*j + 2*j = 125. Suppose 3 = 2*y - j. What is the units digit of y?
4
Let y(p) = -11*p. What is the tens digit of y(-1)?
1
Suppose -5*c = 4*k - 437 + 155, -4*c = 3*k - 212. What is the units digit of k?
8
Let d = -6 + 52. What is the tens digit of d?
4
Let r = -49 + 81. What is the tens digit of r?
3
Let h be -3*(-7)/1 + 1. Let q = 59 - h. What is the tens digit of q?
3
Suppose d = -2*u + 2, 3*d = -0*u + 2*u + 6. Suppose q = 6*q - 10. Suppose u + q = 2*i. What is the units digit of i?
1
Suppose -x + 6*x - 541 = 4*j, -3*x + 5*j + 335 = 0. What is the hundreds digit of x?
1
Let v(u) = 4*u**2 - 3*u + 5*u - u + 3 - 5*u**2. Let x be v(0). Suppose -3*b = -2*b - h - 10, x*h = -2*b + 25. What is the tens digit of b?
1
Let r be -11*(1 - (-1 + 1)). Let n = r + 15. What is the units digit of n?
4
Suppose -4*y - y + 35 = -3*d, -5 = -5*y. What is the units digit of d*(0 + (-2)/5)?
4
Let v(j) = j**2 - 11*j + 10. Let t be v(7). What is the tens digit of (52/6)/((-12)/t)?
1
Let t(n) = n - 2. Let z be t(7). Suppose 6 = -k - 2*s - s, z*s - 32 = 3*k. What is the units digit of (-3)/(k/(-3))*-1?
1
Let i be (1 + 0)*(-1 + 8). What is the tens digit of ((-24)/i)/((-6)/42)?
2
Let p(n) = n**3 + 5*n**2 + 2*n - 5. Let y be p(-4). Suppose y*f - 6 = 4*f. What is the units digit of ((-2)/f)/(2/42)?
7
Suppose 4*n + 3*i = 2*i + 17, 4 = 2*n - 4*i. Suppose -k = -n*k + 54. What is the tens digit of k?
1
Let m(p) = -p**3 + 6*p**2 + 9*p - 10. Let q be m(7). Let s = 3 - -4. Let r = s - q. What is the units digit of r?
3
Let w(n) = -n**3 - 4*n**2 + 4*n. Let d(p) = 2*p - 1. Let g be d(-2). Let i be w(g). Suppose m = 4 + i. What is the units digit of m?
9
Let l = 62 + -19. What is the tens digit of l?
4
Let r be (-6 + 1)*16/(-10). Let i = r + 0. What is the units d